{"id":546,"date":"2018-05-08T22:57:55","date_gmt":"2018-05-08T22:57:55","guid":{"rendered":"http:\/\/www.avicab.com\/back\/?page_id=546"},"modified":"2018-05-17T22:36:59","modified_gmt":"2018-05-17T22:36:59","slug":"empacadoras-y-clasificadoras","status":"publish","type":"page","link":"http:\/\/www.avicab.com\/back\/empacadoras-y-clasificadoras\/","title":{"rendered":"Empacadoras y clasificadoras"},"content":{"rendered":"<div class=\"row align-equal align-center\"  id=\"row-1549059176\">\n<div class=\"col medium-9 small-12 large-9\"  ><div class=\"col-inner text-left\" style=\"padding:0px 25px 0px 25px;\" >\n<div class=\"row\"  id=\"row-654767394\">\n<div class=\"col medium-8 small-12 large-8\"  ><div class=\"col-inner\"  >\n<h1>Empacadoras FFP4100.<\/h1>\n<h3>40,000 Huevos\/hr<\/h3>\n<p>Su nuevo dise\u00f1o compacto y su nuevo mecanismo de orientaci\u00f3n, se adapta a cualquier tama\u00f1o de la sala de embalaje de huevos.\u00a0<\/p>\n<a href=\"http:\/\/www.avicab.com\/back\/empacadora-de-huevo-ffp-4100-farm-packer\/\" target=\"_self\" class=\"button primary reveal-icon\"  >\n    <span>M\u00e1s informaci\u00f3n<\/span>\n  <i class=\"icon-angle-right\" ><\/i><\/a>\n\n<\/div><\/div>\n<div class=\"col medium-4 small-12 large-4\"  ><div class=\"col-inner\"  >\n    <div class=\"img has-hover x md-x lg-x y md-y lg-y\" id=\"image_1516509658\">\n                <div class=\"img-inner image-zoom image-cover dark\" style=\"padding-top:100%;\">\n        <img width=\"1020\" height=\"574\" src=\"http:\/\/www.avicab.com\/back\/wp-content\/uploads\/2018\/05\/FFP-01-AVICAB-1400x788.jpg\" class=\"attachment-large size-large\" alt=\"\" decoding=\"async\" loading=\"lazy\" srcset=\"http:\/\/www.avicab.com\/back\/wp-content\/uploads\/2018\/05\/FFP-01-AVICAB-1400x788.jpg 1400w, http:\/\/www.avicab.com\/back\/wp-content\/uploads\/2018\/05\/FFP-01-AVICAB-711x400.jpg 711w, http:\/\/www.avicab.com\/back\/wp-content\/uploads\/2018\/05\/FFP-01-AVICAB-768x432.jpg 768w, http:\/\/www.avicab.com\/back\/wp-content\/uploads\/2018\/05\/FFP-01-AVICAB.jpg 1920w\" sizes=\"(max-width: 1020px) 100vw, 1020px\" \/>                \n            <\/div>\n                   \n<style scope=\"scope\">\n\n<\/style>\n    <\/div>\n    \n<\/div><\/div>\n<\/div>\n<div class=\"row\"  id=\"row-1046894983\">\n<div class=\"col medium-8 small-12 large-8\"  ><div class=\"col-inner\"  >\n<h1>Clasificadoras NWG1000.<\/h1>\n<h3>10,000 Huevos\/hr<\/h3>\n<p>M\u00e1quina clasificadora que ordena los huevos mediante el \u00abm\u00e9todo de balance magn\u00e9tico\u00bb de la tecnolog\u00eda original de NABEL.<\/p>\n<a href=\"http:\/\/www.avicab.com\/back\/clasificadora-nwg-1000\/\" target=\"_self\" class=\"button primary reveal-icon\"  >\n    <span>M\u00e1s informaci\u00f3n<\/span>\n  <i class=\"icon-angle-right\" ><\/i><\/a>\n\n<\/div><\/div>\n<div class=\"col medium-4 small-12 large-4\"  ><div class=\"col-inner\"  >\n    <div class=\"img has-hover x md-x lg-x y md-y lg-y\" id=\"image_922494895\">\n                <div class=\"img-inner image-zoom image-cover dark\" style=\"padding-top:100%;\">\n        <img width=\"1020\" height=\"574\" src=\"http:\/\/www.avicab.com\/back\/wp-content\/uploads\/2018\/05\/NWG-1000-AVICAB-_-1-1400x788.jpg\" class=\"attachment-large size-large\" alt=\"\" decoding=\"async\" loading=\"lazy\" srcset=\"http:\/\/www.avicab.com\/back\/wp-content\/uploads\/2018\/05\/NWG-1000-AVICAB-_-1-1400x788.jpg 1400w, http:\/\/www.avicab.com\/back\/wp-content\/uploads\/2018\/05\/NWG-1000-AVICAB-_-1-711x400.jpg 711w, http:\/\/www.avicab.com\/back\/wp-content\/uploads\/2018\/05\/NWG-1000-AVICAB-_-1-768x432.jpg 768w, http:\/\/www.avicab.com\/back\/wp-content\/uploads\/2018\/05\/NWG-1000-AVICAB-_-1.jpg 1920w\" sizes=\"(max-width: 1020px) 100vw, 1020px\" \/>                \n            <\/div>\n                   \n<style scope=\"scope\">\n\n<\/style>\n    <\/div>\n    \n<\/div><\/div>\n<\/div>\n<\/div><\/div>\n\n<style scope=\"scope\">\n\n<\/style>\n<\/div>\n","protected":false},"excerpt":{"rendered":"","protected":false},"author":1,"featured_media":0,"parent":0,"menu_order":0,"comment_status":"closed","ping_status":"closed","template":"page-blank.php","meta":{"_mi_skip_tracking":false},"yoast_head":"<!-- This site is optimized with the Yoast SEO plugin v19.10 - https:\/\/yoast.com\/wordpress\/plugins\/seo\/ -->\n<title>Empacadoras y clasificadoras - Avicab<\/title>\n<meta name=\"robots\" content=\"index, follow, max-snippet:-1, max-image-preview:large, max-video-preview:-1\" \/>\n<link rel=\"canonical\" href=\"https:\/\/www.avicab.com\/back\/empacadoras-y-clasificadoras\/\" \/>\n<meta property=\"og:locale\" content=\"es_ES\" \/>\n<meta property=\"og:type\" content=\"article\" \/>\n<meta property=\"og:title\" content=\"Empacadoras y clasificadoras - Avicab\" \/>\n<meta property=\"og:url\" content=\"https:\/\/www.avicab.com\/back\/empacadoras-y-clasificadoras\/\" \/>\n<meta property=\"og:site_name\" content=\"Avicab\" \/>\n<meta property=\"article:modified_time\" content=\"2018-05-17T22:36:59+00:00\" \/>\n<meta name=\"twitter:card\" content=\"summary_large_image\" \/>\n<meta name=\"twitter:label1\" content=\"Est. reading time\" \/>\n\t<meta name=\"twitter:data1\" content=\"1 minuto\" \/>\n<script type=\"application\/ld+json\" class=\"yoast-schema-graph\">{\"@context\":\"https:\/\/schema.org\",\"@graph\":[{\"@type\":\"WebPage\",\"@id\":\"https:\/\/www.avicab.com\/back\/empacadoras-y-clasificadoras\/\",\"url\":\"https:\/\/www.avicab.com\/back\/empacadoras-y-clasificadoras\/\",\"name\":\"Empacadoras y clasificadoras - Avicab\",\"isPartOf\":{\"@id\":\"http:\/\/www.avicab.com\/back\/#website\"},\"datePublished\":\"2018-05-08T22:57:55+00:00\",\"dateModified\":\"2018-05-17T22:36:59+00:00\",\"breadcrumb\":{\"@id\":\"https:\/\/www.avicab.com\/back\/empacadoras-y-clasificadoras\/#breadcrumb\"},\"inLanguage\":\"es\",\"potentialAction\":[{\"@type\":\"ReadAction\",\"target\":[\"https:\/\/www.avicab.com\/back\/empacadoras-y-clasificadoras\/\"]}]},{\"@type\":\"BreadcrumbList\",\"@id\":\"https:\/\/www.avicab.com\/back\/empacadoras-y-clasificadoras\/#breadcrumb\",\"itemListElement\":[{\"@type\":\"ListItem\",\"position\":1,\"name\":\"Portada\",\"item\":\"http:\/\/www.avicab.com\/back\/\"},{\"@type\":\"ListItem\",\"position\":2,\"name\":\"Empacadoras y clasificadoras\"}]},{\"@type\":\"WebSite\",\"@id\":\"http:\/\/www.avicab.com\/back\/#website\",\"url\":\"http:\/\/www.avicab.com\/back\/\",\"name\":\"Avicab\",\"description\":\"Poultry Solutions\",\"potentialAction\":[{\"@type\":\"SearchAction\",\"target\":{\"@type\":\"EntryPoint\",\"urlTemplate\":\"http:\/\/www.avicab.com\/back\/?s={search_term_string}\"},\"query-input\":\"required name=search_term_string\"}],\"inLanguage\":\"es\"}]}<\/script>\n<!-- \/ Yoast SEO plugin. -->","yoast_head_json":{"title":"Empacadoras y clasificadoras - Avicab","robots":{"index":"index","follow":"follow","max-snippet":"max-snippet:-1","max-image-preview":"max-image-preview:large","max-video-preview":"max-video-preview:-1"},"canonical":"https:\/\/www.avicab.com\/back\/empacadoras-y-clasificadoras\/","og_locale":"es_ES","og_type":"article","og_title":"Empacadoras y clasificadoras - Avicab","og_url":"https:\/\/www.avicab.com\/back\/empacadoras-y-clasificadoras\/","og_site_name":"Avicab","article_modified_time":"2018-05-17T22:36:59+00:00","twitter_card":"summary_large_image","twitter_misc":{"Est. reading time":"1 minuto"},"schema":{"@context":"https:\/\/schema.org","@graph":[{"@type":"WebPage","@id":"https:\/\/www.avicab.com\/back\/empacadoras-y-clasificadoras\/","url":"https:\/\/www.avicab.com\/back\/empacadoras-y-clasificadoras\/","name":"Empacadoras y clasificadoras - Avicab","isPartOf":{"@id":"http:\/\/www.avicab.com\/back\/#website"},"datePublished":"2018-05-08T22:57:55+00:00","dateModified":"2018-05-17T22:36:59+00:00","breadcrumb":{"@id":"https:\/\/www.avicab.com\/back\/empacadoras-y-clasificadoras\/#breadcrumb"},"inLanguage":"es","potentialAction":[{"@type":"ReadAction","target":["https:\/\/www.avicab.com\/back\/empacadoras-y-clasificadoras\/"]}]},{"@type":"BreadcrumbList","@id":"https:\/\/www.avicab.com\/back\/empacadoras-y-clasificadoras\/#breadcrumb","itemListElement":[{"@type":"ListItem","position":1,"name":"Portada","item":"http:\/\/www.avicab.com\/back\/"},{"@type":"ListItem","position":2,"name":"Empacadoras y clasificadoras"}]},{"@type":"WebSite","@id":"http:\/\/www.avicab.com\/back\/#website","url":"http:\/\/www.avicab.com\/back\/","name":"Avicab","description":"Poultry Solutions","potentialAction":[{"@type":"SearchAction","target":{"@type":"EntryPoint","urlTemplate":"http:\/\/www.avicab.com\/back\/?s={search_term_string}"},"query-input":"required name=search_term_string"}],"inLanguage":"es"}]}},"_links":{"self":[{"href":"http:\/\/www.avicab.com\/back\/wp-json\/wp\/v2\/pages\/546"}],"collection":[{"href":"http:\/\/www.avicab.com\/back\/wp-json\/wp\/v2\/pages"}],"about":[{"href":"http:\/\/www.avicab.com\/back\/wp-json\/wp\/v2\/types\/page"}],"author":[{"embeddable":true,"href":"http:\/\/www.avicab.com\/back\/wp-json\/wp\/v2\/users\/1"}],"replies":[{"embeddable":true,"href":"http:\/\/www.avicab.com\/back\/wp-json\/wp\/v2\/comments?post=546"}],"version-history":[{"count":10,"href":"http:\/\/www.avicab.com\/back\/wp-json\/wp\/v2\/pages\/546\/revisions"}],"predecessor-version":[{"id":796,"href":"http:\/\/www.avicab.com\/back\/wp-json\/wp\/v2\/pages\/546\/revisions\/796"}],"wp:attachment":[{"href":"http:\/\/www.avicab.com\/back\/wp-json\/wp\/v2\/media?parent=546"}],"curies":[{"name":"wp","href":"https:\/\/api.w.org\/{rel}","templated":true}]}}